-29)/5. Let d(r) = -2 + t - 4 - 1 - 7*r. Let z be d(-2). What is the greatest common factor of 48 and z?
12
Suppose 20*s - 15*s = -980. Let j be ((-29)/4)/(7/s). What is the greatest common divisor of j and 29?
29
Let r be 176/80*120/6. Calculate the highest common divisor of 154 and r.
22
Let l(w) = 8*w + 18. Let d be l(15). Suppose -3*s + 2*s = 2*p - 44, -3*s - 4*p = -d. What is the highest common factor of s and 20?
10
Let z = 39 - 32. Calculate the greatest common factor of z and 140.
7
Suppose -4*z - o = -19, -3*z + 5*z - 3*o - 27 = 0. Calculate the highest common divisor of 78 and z.
6
Suppose 5*z - 4 - 6 = 0. Suppose z*b = -0*b. Suppose -3*m + 121 + 32 = b. Calculate the highest common divisor of 17 and m.
17
Suppose 4*h - 49 = 5*a, 27 = 3*h + 5*a - 1. Suppose 191 = 3*o - 172. What is the greatest common divisor of h and o?
11
Let a be -3*(5 - 2)/(-3). Suppose a*c = 2*w + c - 284, 2*w - 276 = -2*c. Let g be ((-104)/(-65))/((-2)/(-25)). Calculate the highest common factor of g and w.
20
Suppose 48*y + 18 = 49*y. What is the highest common factor of 42 and y?
6
Let g(r) = -r - 2. Let y be g(4). Let j be -2 + (-7)/(-3) + (-262)/y. Calculate the greatest common divisor of j and 220.
44
Suppose -d - w = -4*d + 31, -5*d + 49 = -w. Let c be 3/(-6)*(-3 + d). Let j be ((-11)/c)/(10/90). What is the greatest common divisor of j and 11?
11
Let c(n) = 4*n + 86. Let p be c(-18). What is the highest common divisor of 518 and p?
14
Let y be 274/(-18) - (-4)/18. Let j be (-788)/(-20) + (-6)/(-10). Let n = j + y. Calculate the greatest common divisor of 175 and n.
25
Let p be 2 - 173*(1 - -3 - 5). What is the highest common divisor of 140 and p?
35
Let z(k) = -k**2 + k + 26. Let d be -3 - 25/(-5) - 2. Let t be z(d). Let i be (-50)/(-4) + (-3)/(-6). Calculate the highest common factor of i and t.
13
Let w(v) = -v**3 + 7*v**2 + 2*v - 4. Let x be w(7). Let l(y) = y**2 + 14*y - 2. Let r be l(-16). What is the highest common divisor of r and x?
10
Suppose 0 = 6*t - 7*t + 231. Suppose -4*l + t + 9 = 0. Let g = -22 + l. What is the highest common factor of g and 95?
19
Let m be (-15)/10 - 39/6. Let w be ((-32)/10)/(6/(-15)). Let d = w - m. What is the highest common factor of 8 and d?
8
Let m be 1520 - (-13)/(104/(-64)). What is the highest common divisor of m and 21?
21
Let a be ((-50)/(-125))/(2/35). What is the highest common divisor of 189 and a?
7
Let c be 8277/356 + 6/8. Let v(b) = -b**3 - 2*b**2 - 4*b - 2. Let l be v(-2). Calculate the highest common divisor of c and l.
6
Suppose -r + 25 + 35 = 0. Suppose s + 5*s = r. Let i be 62/4 + 5/s. Calculate the greatest common divisor of i and 128.
16
Let i(b) = 2*b**2 - 13*b - 18. Let w be i(9). What is the highest common factor of w and 12?
3
Suppose -10046 - 49138 = -36*h. What is the highest common divisor of h and 24?
12
Suppose 5*q = -87 + 22. Let f = 18 + q. Suppose 5*r - 55 = -f*d + 5, 4*r + 51 = 5*d. Calculate the highest common divisor of 55 and d.
11
Let z be (1 + 20/12)/(2/(-24)). Let j be (-2 - z/6)/((-2)/(-9)). Calculate the highest common factor of j and 75.
15
Suppose 0 = -10*v + 625 - 135. What is the greatest common divisor of v and 147?
49
Suppose -3*s + 0 = -9. Suppose -s*l = 7 + 5. Let a be (-2)/l + (-55)/(-2). What is the highest common factor of a and 308?
28
Let i be 3 - 1/(0 - -1)*-13. Calculate the highest common divisor of 1 and i.
1
Suppose -c - 15 + 2 = 0. Let x = c - -25. Let y = 206 + -182. What is the greatest common divisor of x and y?
12
Suppose -5*n + 3*s = -s - 279, -272 = -5*n - 3*s. Suppose -64 - n = -h. Calculate the highest common factor of 17 and h.
17
Suppose -t = 2*q + 33, 5*q + 0*t + t + 84 = 0. Let b = q + 29. Calculate the highest common divisor of b and 48.
12
Let h be 3/((-9)/(-2))*-18. Let o = 41 - h. Suppose -d - 5*c = -2*c - o, 5*d + 4*c = 254. What is the greatest common factor of d and 20?
10
Let f(p) = 15*p**2 + 2*p - 2. Let h be f(-2). Let v = 57 + -39. Calculate the greatest common divisor of v and h.
18
Let m(p) = 5*p**2 + 170*p - 115. Let l be m(-35). Suppose -17 = 5*a - 257. What is the greatest common factor of l and a?
12
Let l = 271 - 269. Let p = 8 + -6. What is the greatest common divisor of p and l?
2
Suppose -4007 = -34*t + 12993. What is the greatest common divisor of t and 140?
20
Suppose -4*f - 241 + 64 = -5*u, -4*u = -5*f - 147. Let y = u + -22. What is the highest common divisor of 121 and y?
11
Let b = -234 + 351. Let z be (-1)/6 - b/(-54). Let w be (-1194)/(-9) + z/6. Calculate the greatest common divisor of w and 19.
19
Let p(d) = 3*d**2 - 2*d + 31. Let v be p(-13). Let n = -355 + v. Suppose 2*o + 0 = -8, 0 = 4*f + 4*o - 60. Calculate the highest common factor of f and n.
19
Let o(x) = -x**2 - 4*x + 12. Let y be o(4). Let q = 23 + y. What is the highest common factor of q and 6?
3
Let b(l) = 3*l + 26. Let k be b(-11). Let a(w) = -w + 6. Let y be a(k). What is the greatest common factor of y and 65?
13
Suppose -90*d - 2700 = -93*d + 3*a, -3*d + 2704 = a. Calculate the highest common factor of 17 and d.
17
Let k = 17 + -13. Suppose -k*f + 2*c + 246 = 0, 3*c + 7 + 106 = 2*f. Let a = 48 + -32. What is the greatest common divisor of f and a?
16
Suppose -4*a = -4*c - 437 - 83, a = 4*c + 142. What is the highest common factor of 98 and a?
14
Let g(v) = 45*v**3 - 2*v**2 + 6*v - 10. Let i be g(4). What is the highest common factor of i and 106?
106
Suppose j - 2*a = 4, 2*j + 16 = -2*a - 0*a. Let d = 655 + -1731. Let p be (-2)/j + d/(-8). Calculate the greatest common factor of 15 and p.
15
Suppose 0 = 4*k - 2*j - 22 - 40, -3 = 3*j. Let u = 2 + 73. Calculate the greatest common divisor of k and u.
15
Let j = 15 - 13. Let t(g) = g + 6*g - 5*g. Let s be t(9). Calculate the greatest common divisor of j and s.
2
Let n be 4/(((-6)/(-5))/3). Suppose 8 = 3*g + 2. Let k be (g - 1)*(8 - -17). What is the greatest common divisor of k and n?
5
Let w = -481 - -486. What is the highest common factor of w and 15?
5
Suppose 3*b - 15 = -2*b. Suppose -110*s + 2*x = -106*s - 26, 7 = 2*s + 5*x. Calculate the highest common divisor of s and b.
3
Let p(y) = -6*y + 5*y + 54*y**2 + 1 + 16*y**2. Let c be p(1). What is the greatest common factor of 10 and c?
10
Let a be (-12 - -5)*(-7 - 0). Suppose 3*s + 5*h - 7 = 29, 2*h + 29 = 5*s. Calculate the highest common divisor of s and a.
7
Suppose 63*q + 2613 = -56*q + 12609. Let v = 54 + -26. What is the greatest common divisor of q and v?
28
Let w(r) = -4*r + 90. Let d be w(21). What is the highest common factor of d and 8?
2
Suppose 2*x = 7*x. Suppose 4*t - 3*t - 5 = x. Let w be 209/6 + (-2)/(-12). Calculate the greatest common divisor of w and t.
5
Suppose i = 7*i + 48. Let d be (i/(-5))/(5/25). What is the greatest common divisor of d and 32?
8
Suppose -d - 1015 = -4*f, 2*f + d = 762 - 247. What is the greatest common divisor of f and 85?
85
Let a(u) be the first derivative of -9*u**2/2 - 12*u - 6. Let b be a(-5). What is the greatest common factor of b and 3?
3
Let a = 115 + 181. Suppose 3*w = l + 222, -5*l = w - 5*w + a. What is the greatest common divisor of 111 and w?
37
Suppose 0 = 4*f - 16, -2*w - 5*f + 86 = 22. Calculate the highest common factor of w and 484.
22
Let t = -19 + 19. Let n be 1 + (0 - (-3 - t)). Suppose -5*v - 5*i + 80 = 0, -n*v + 66 = v - 2*i. What is the highest common divisor of 126 and v?
14
Suppose -5*w - 15 = 80. Let b = w + 31. Let a = -2 + b. Calculate the greatest common factor of a and 4.
2
Let d = -28 + 44. What is the greatest common factor of d and 112?
16
Suppose -27 - 10 = -v + 2*n, -2*v - 2*n + 44 = 0. Calculate the highest common divisor of v and 1161.
27
Let q = -5 - -8. Suppose 5*l + q*u - 50 - 76 = 0, -5*l - 2*u = -124. What is the highest common factor of l and 144?
24
Let w(n) = -42*n - 1. Let q be w(1). Let s = q + 71. Let x(c) = 2*c + 6. Let f be x(-1). What is the greatest common factor of s and f?
4
Let a be -16*(75/(-10) + 7). What is the highest common divisor of 32 and a?
8
Let q be (-1 - 15)*2/(-4). Let i be 2/1 - (q - 9). Suppose i*l - 62 = -8. What is the highest common divisor of l and 12?
6
Suppose -6*x + 6 = -5*x. Let i = 2 + x. Calculate the greatest common divisor of i and 20.
4
Let f be 20 + 245/70 + 6/4. What is the greatest common factor of 4 and f?
1
Let y = 